{"id":1176,"date":"2023-07-21T10:57:41","date_gmt":"2023-07-21T10:57:41","guid":{"rendered":"https:\/\/wp.tv-schwegenheim.de\/?page_id=1176"},"modified":"2023-07-21T12:45:32","modified_gmt":"2023-07-21T12:45:32","slug":"news-presse","status":"publish","type":"page","link":"https:\/\/turnverein-schwegenheim.de\/?page_id=1176","title":{"rendered":"News \/ Presse"},"content":{"rendered":"\t\t<div data-elementor-type=\"wp-page\" data-elementor-id=\"1176\" class=\"elementor elementor-1176\">\n\t\t\t\t\t\t<section class=\"elementor-section elementor-top-section elementor-element elementor-element-3a1ff44 elementor-section-boxed elementor-section-height-default elementor-section-height-default\" data-id=\"3a1ff44\" data-element_type=\"section\" data-e-type=\"section\">\n\t\t\t\t\t\t<div class=\"elementor-container elementor-column-gap-default\">\n\t\t\t\t\t<div class=\"elementor-column elementor-col-100 elementor-top-column elementor-element elementor-element-2b6c098\" data-id=\"2b6c098\" data-element_type=\"column\" data-e-type=\"column\">\n\t\t\t<div class=\"elementor-widget-wrap elementor-element-populated\">\n\t\t\t\t\t\t<div class=\"elementor-element elementor-element-7b67a5d elementor-widget elementor-widget-text-editor\" data-id=\"7b67a5d\" data-element_type=\"widget\" data-e-type=\"widget\" data-widget_type=\"text-editor.default\">\n\t\t\t\t<div class=\"elementor-widget-container\">\n\t\t\t\t\t\t\t\t\t<p style=\"text-align: center;\"><strong><span style=\"font-family: arial, helvetica, sans-serif; font-size: 36pt;\">News \/ Presse<\/span><\/strong><\/p>\t\t\t\t\t\t\t\t<\/div>\n\t\t\t\t<\/div>\n\t\t\t\t\t<\/div>\n\t\t<\/div>\n\t\t\t\t\t<\/div>\n\t\t<\/section>\n\t\t\t\t<section class=\"elementor-section elementor-top-section elementor-element elementor-element-0e27c51 elementor-section-boxed elementor-section-height-default elementor-section-height-default\" data-id=\"0e27c51\" data-element_type=\"section\" data-e-type=\"section\">\n\t\t\t\t\t\t<div class=\"elementor-container elementor-column-gap-default\">\n\t\t\t\t\t<div class=\"elementor-column elementor-col-100 elementor-top-column elementor-element elementor-element-67b3151\" data-id=\"67b3151\" data-element_type=\"column\" data-e-type=\"column\">\n\t\t\t<div class=\"elementor-widget-wrap elementor-element-populated\">\n\t\t\t\t\t\t<div class=\"elementor-element elementor-element-d995b31 elementor-grid-eael-col-3 elementor-widget__width-auto elementor-absolute elementor-grid-tablet-eael-col-2 elementor-grid-mobile-eael-col-1 elementor-widget elementor-widget-eael-post-grid\" data-id=\"d995b31\" data-element_type=\"widget\" data-e-type=\"widget\" data-settings=\"{&quot;eael_post_grid_columns&quot;:&quot;eael-col-3&quot;,&quot;_position&quot;:&quot;absolute&quot;,&quot;eael_post_grid_columns_tablet&quot;:&quot;eael-col-2&quot;,&quot;eael_post_grid_columns_mobile&quot;:&quot;eael-col-1&quot;}\" data-widget_type=\"eael-post-grid.default\">\n\t\t\t\t<div class=\"elementor-widget-container\">\n\t\t\t\t\t<div id=\"eael-post-grid-d995b31\" class=\"eael-post-grid-container\">\n            <div class=\"eael-post-grid eael-post-appender eael-post-appender-d995b31 eael-post-grid-style-one\" data-layout-mode=\"grid\"><article class=\"eael-grid-post  eael-post-grid-column eael-pg-post-1522 category-uncategorized\" data-id=\"1522\">\n        <div class=\"eael-grid-post-holder\">\n            <div class=\"eael-grid-post-holder-inner\"><div class=\"eael-entry-media\"><div class=\"eael-entry-overlay fade-in\"><i class=\"fas fa-arrow-circle-right\" aria-hidden=\"true\"><\/i><a href=\"https:\/\/turnverein-schwegenheim.de\/?p=1522\"rel=\"nofollow\"target=\"_blank\"><\/a><\/div><div class=\"eael-entry-thumbnail \">\n                <img decoding=\"async\" width=\"300\" height=\"128\" src=\"https:\/\/turnverein-schwegenheim.de\/wp-content\/uploads\/2023\/07\/NEWS-1-300x128.png\" class=\"attachment-medium size-medium wp-image-1170\" alt=\"\" srcset=\"https:\/\/turnverein-schwegenheim.de\/wp-content\/uploads\/2023\/07\/NEWS-1-300x128.png 300w, https:\/\/turnverein-schwegenheim.de\/wp-content\/uploads\/2023\/07\/NEWS-1.png 567w\" sizes=\"(max-width: 300px) 100vw, 300px\" \/>\n            <\/div>\n        <\/div><div class=\"eael-entry-wrapper\"><header class=\"eael-entry-header\"><h1 class=\"eael-entry-title\"><a class=\"eael-grid-post-link\" href=\"https:\/\/turnverein-schwegenheim.de\/?p=1522\" title=\"Dorfturnier beim TVS\"rel=\"nofollow\"target=\"_blank\">Dorfturnier beim TVS<\/a><\/h1><\/header><div class=\"eael-entry-content\">\n                        <div class=\"eael-grid-post-excerpt\"><p>Beachplatz 31.August + 01.September Kommt alle vorbei! Traditionell bietet...<\/p><a href=\"https:\/\/turnverein-schwegenheim.de\/?p=1522\" class=\"eael-post-elements-readmore-btn\"rel=\"nofollow\"target=\"_blank\">Read More<\/a><\/div>\n                    <\/div><div class=\"eael-entry-footer\"><div class=\"eael-entry-meta\"><span class=\"eael-posted-on\"><time datetime=\"August 30, 2023\">August 30, 2023<\/time><\/span><\/div><\/div><\/div><\/div>\n        <\/div>\n    <\/article><article class=\"eael-grid-post  eael-post-grid-column eael-pg-post-1214 category-uncategorized\" data-id=\"1214\">\n        <div class=\"eael-grid-post-holder\">\n            <div class=\"eael-grid-post-holder-inner\"><div class=\"eael-entry-media\"><div class=\"eael-entry-overlay fade-in\"><i class=\"fas fa-arrow-circle-right\" aria-hidden=\"true\"><\/i><a href=\"https:\/\/turnverein-schwegenheim.de\/?p=1214\"rel=\"nofollow\"target=\"_blank\"><\/a><\/div><div class=\"eael-entry-thumbnail \">\n                <img decoding=\"async\" width=\"300\" height=\"128\" src=\"https:\/\/turnverein-schwegenheim.de\/wp-content\/uploads\/2023\/07\/NEWS-1-300x128.png\" class=\"attachment-medium size-medium wp-image-1170\" alt=\"\" srcset=\"https:\/\/turnverein-schwegenheim.de\/wp-content\/uploads\/2023\/07\/NEWS-1-300x128.png 300w, https:\/\/turnverein-schwegenheim.de\/wp-content\/uploads\/2023\/07\/NEWS-1.png 567w\" sizes=\"(max-width: 300px) 100vw, 300px\" \/>\n            <\/div>\n        <\/div><div class=\"eael-entry-wrapper\"><header class=\"eael-entry-header\"><h1 class=\"eael-entry-title\"><a class=\"eael-grid-post-link\" href=\"https:\/\/turnverein-schwegenheim.de\/?p=1214\" title=\"M\u00e4dchenmannschaften des TV stark bei den Rheinland-Pfalz-meisterschaften\"rel=\"nofollow\"target=\"_blank\">M\u00e4dchenmannschaften des TV stark bei den Rheinland-Pfalz-meisterschaften<\/a><\/h1><\/header><div class=\"eael-entry-content\">\n                        <div class=\"eael-grid-post-excerpt\"><p>Die diesj\u00e4hrigen Rheinland-Pfalz Mannschaftsmeisterschaften im Ger\u00e4tturnen weiblich fanden am...<\/p><a href=\"https:\/\/turnverein-schwegenheim.de\/?p=1214\" class=\"eael-post-elements-readmore-btn\"rel=\"nofollow\"target=\"_blank\">Read More<\/a><\/div>\n                    <\/div><div class=\"eael-entry-footer\"><div class=\"eael-entry-meta\"><span class=\"eael-posted-on\"><time datetime=\"Juli 21, 2023\">Juli 21, 2023<\/time><\/span><\/div><\/div><\/div><\/div>\n        <\/div>\n    <\/article><article class=\"eael-grid-post  eael-post-grid-column eael-pg-post-883 category-uncategorized\" data-id=\"883\">\n        <div class=\"eael-grid-post-holder\">\n            <div class=\"eael-grid-post-holder-inner\"><div class=\"eael-entry-media\"><div class=\"eael-entry-overlay fade-in\"><i class=\"fas fa-arrow-circle-right\" aria-hidden=\"true\"><\/i><a href=\"https:\/\/turnverein-schwegenheim.de\/?p=883\"rel=\"nofollow\"target=\"_blank\"><\/a><\/div><div class=\"eael-entry-thumbnail \">\n                <img decoding=\"async\" width=\"300\" height=\"128\" src=\"https:\/\/turnverein-schwegenheim.de\/wp-content\/uploads\/2023\/07\/NEWS-1-300x128.png\" class=\"attachment-medium size-medium wp-image-1170\" alt=\"\" srcset=\"https:\/\/turnverein-schwegenheim.de\/wp-content\/uploads\/2023\/07\/NEWS-1-300x128.png 300w, https:\/\/turnverein-schwegenheim.de\/wp-content\/uploads\/2023\/07\/NEWS-1.png 567w\" sizes=\"(max-width: 300px) 100vw, 300px\" \/>\n            <\/div>\n        <\/div><div class=\"eael-entry-wrapper\"><header class=\"eael-entry-header\"><h1 class=\"eael-entry-title\"><a class=\"eael-grid-post-link\" href=\"https:\/\/turnverein-schwegenheim.de\/?p=883\" title=\"Vereint in der Corona Zeit! &#8211; Sportabzeichen\"rel=\"nofollow\"target=\"_blank\">Vereint in der Corona Zeit! &#8211; Sportabzeichen<\/a><\/h1><\/header><div class=\"eael-entry-content\">\n                        <div class=\"eael-grid-post-excerpt\"><p>VEREINT IN DER CORONA ZEIT! &#8211; SPORTABZEICHEN Wer h\u00f6rt...<\/p><a href=\"https:\/\/turnverein-schwegenheim.de\/?p=883\" class=\"eael-post-elements-readmore-btn\"rel=\"nofollow\"target=\"_blank\">Read More<\/a><\/div>\n                    <\/div><div class=\"eael-entry-footer\"><div class=\"eael-entry-meta\"><span class=\"eael-posted-on\"><time datetime=\"Juli 16, 2023\">Juli 16, 2023<\/time><\/span><\/div><\/div><\/div><\/div>\n        <\/div>\n    <\/article><article class=\"eael-grid-post  eael-post-grid-column eael-pg-post-846 category-uncategorized\" data-id=\"846\">\n        <div class=\"eael-grid-post-holder\">\n            <div class=\"eael-grid-post-holder-inner\"><div class=\"eael-entry-media\"><div class=\"eael-entry-overlay fade-in\"><i class=\"fas fa-arrow-circle-right\" aria-hidden=\"true\"><\/i><a href=\"https:\/\/turnverein-schwegenheim.de\/?p=846\"rel=\"nofollow\"target=\"_blank\"><\/a><\/div><div class=\"eael-entry-thumbnail \">\n                <img decoding=\"async\" width=\"300\" height=\"128\" src=\"https:\/\/turnverein-schwegenheim.de\/wp-content\/uploads\/2023\/07\/NEWS-1-300x128.png\" class=\"attachment-medium size-medium wp-image-1170\" alt=\"\" srcset=\"https:\/\/turnverein-schwegenheim.de\/wp-content\/uploads\/2023\/07\/NEWS-1-300x128.png 300w, https:\/\/turnverein-schwegenheim.de\/wp-content\/uploads\/2023\/07\/NEWS-1.png 567w\" sizes=\"(max-width: 300px) 100vw, 300px\" \/>\n            <\/div>\n        <\/div><div class=\"eael-entry-wrapper\"><header class=\"eael-entry-header\"><h1 class=\"eael-entry-title\"><a class=\"eael-grid-post-link\" href=\"https:\/\/turnverein-schwegenheim.de\/?p=846\" title=\"Vereint in der Corona-Zeit! &#8211; Hallenbetrieb wird schrittweise wieder aufgenommen\"rel=\"nofollow\"target=\"_blank\">Vereint in der Corona-Zeit! &#8211; Hallenbetrieb wird schrittweise wieder aufgenommen<\/a><\/h1><\/header><div class=\"eael-entry-content\">\n                        <div class=\"eael-grid-post-excerpt\"><p>VEREINT IN DER CORONA-ZEIT! &#8211; HALLENBETRIEB WIRD SCHRITTWEISE WIEDER...<\/p><a href=\"https:\/\/turnverein-schwegenheim.de\/?p=846\" class=\"eael-post-elements-readmore-btn\"rel=\"nofollow\"target=\"_blank\">Read More<\/a><\/div>\n                    <\/div><div class=\"eael-entry-footer\"><div class=\"eael-entry-meta\"><span class=\"eael-posted-on\"><time datetime=\"Juli 16, 2023\">Juli 16, 2023<\/time><\/span><\/div><\/div><\/div><\/div>\n        <\/div>\n    <\/article><\/div>\n            <div class=\"clearfix\"><\/div>\n        <\/div>            <div class=\"eael-load-more-button-wrap eael-force-hide\">\n                <button class=\"eael-load-more-button\" id=\"eael-load-more-btn-d995b31\" data-widget-id=\"d995b31\" data-widget=\"d995b31\" data-page-id=\"1176\" data-template=\"{&quot;dir&quot;:&quot;lite&quot;,&quot;file_name&quot;:&quot;one.php&quot;,&quot;name&quot;:&quot;Post-Grid&quot;}\" data-class=\"Essential_Addons_Elementor\\Elements\\Post_Grid\" data-layout=\"grid\" data-page=\"1\" data-args=\"orderby=date&amp;order=desc&amp;ignore_sticky_posts=1&amp;post_status=publish&amp;posts_per_page=&amp;offset=0&amp;post_type=post\" data-max-page=\"4\">\n                    <span class=\"eael-btn-loader button__loader\"><\/span>\n                    <span class=\"eael_load_more_text\">Load More<\/span>\n                <\/button>\n            <\/div>\n            \t\t\t\t<\/div>\n\t\t\t\t<\/div>\n\t\t\t\t\t<\/div>\n\t\t<\/div>\n\t\t\t\t\t<\/div>\n\t\t<\/section>\n\t\t\t\t<\/div>\n\t\t","protected":false},"excerpt":{"rendered":"<p>News \/ Presse M\u00e4dchenmannschaften des TV stark bei den Rheinland-Pfalz-meisterschaften Die diesj\u00e4hrigen Rheinland-Pfalz Mannschaftsmeisterschaften im Ger\u00e4tturnen weiblich fanden am&#8230; Read More Juli 21, 2023 Damen steigen nach spannenden Qualifikationsspiele in die Oberliga RPS aus Damen steigen nach spannenden Qualifikationsspielen in Oberliga RPS auf&#8230; Read More Juli 21, 2023 Vereint in der Corona Zeit! &#8211; Sportabzeichen [&hellip;]<\/p>\n","protected":false},"author":1,"featured_media":0,"parent":0,"menu_order":0,"comment_status":"closed","ping_status":"closed","template":"","meta":{"ocean_post_layout":"full-screen","ocean_both_sidebars_style":"","ocean_both_sidebars_content_width":0,"ocean_both_sidebars_sidebars_width":0,"ocean_sidebar":"0","ocean_second_sidebar":"0","ocean_disable_margins":"enable","ocean_add_body_class":"","ocean_shortcode_before_top_bar":"","ocean_shortcode_after_top_bar":"","ocean_shortcode_before_header":"","ocean_shortcode_after_header":"","ocean_has_shortcode":"","ocean_shortcode_after_title":"","ocean_shortcode_before_footer_widgets":"","ocean_shortcode_after_footer_widgets":"","ocean_shortcode_before_footer_bottom":"","ocean_shortcode_after_footer_bottom":"","ocean_display_top_bar":"off","ocean_display_header":"default","ocean_header_style":"","ocean_center_header_left_menu":"0","ocean_custom_header_template":"0","ocean_custom_logo":0,"ocean_custom_retina_logo":0,"ocean_custom_logo_max_width":0,"ocean_custom_logo_tablet_max_width":0,"ocean_custom_logo_mobile_max_width":0,"ocean_custom_logo_max_height":0,"ocean_custom_logo_tablet_max_height":0,"ocean_custom_logo_mobile_max_height":0,"ocean_header_custom_menu":"0","ocean_menu_typo_font_family":"0","ocean_menu_typo_font_subset":"","ocean_menu_typo_font_size":0,"ocean_menu_typo_font_size_tablet":0,"ocean_menu_typo_font_size_mobile":0,"ocean_menu_typo_font_size_unit":"px","ocean_menu_typo_font_weight":"","ocean_menu_typo_font_weight_tablet":"","ocean_menu_typo_font_weight_mobile":"","ocean_menu_typo_transform":"","ocean_menu_typo_transform_tablet":"","ocean_menu_typo_transform_mobile":"","ocean_menu_typo_line_height":0,"ocean_menu_typo_line_height_tablet":0,"ocean_menu_typo_line_height_mobile":0,"ocean_menu_typo_line_height_unit":"","ocean_menu_typo_spacing":0,"ocean_menu_typo_spacing_tablet":0,"ocean_menu_typo_spacing_mobile":0,"ocean_menu_typo_spacing_unit":"","ocean_menu_link_color":"","ocean_menu_link_color_hover":"","ocean_menu_link_color_active":"","ocean_menu_link_background":"","ocean_menu_link_hover_background":"","ocean_menu_link_active_background":"","ocean_menu_social_links_bg":"","ocean_menu_social_hover_links_bg":"","ocean_menu_social_links_color":"","ocean_menu_social_hover_links_color":"","ocean_disable_title":"on","ocean_disable_heading":"on","ocean_post_title":"","ocean_post_subheading":"","ocean_post_title_style":"","ocean_post_title_background_color":"","ocean_post_title_background":0,"ocean_post_title_bg_image_position":"","ocean_post_title_bg_image_attachment":"","ocean_post_title_bg_image_repeat":"","ocean_post_title_bg_image_size":"","ocean_post_title_height":0,"ocean_post_title_bg_overlay":0.5,"ocean_post_title_bg_overlay_color":"","ocean_disable_breadcrumbs":"default","ocean_breadcrumbs_color":"","ocean_breadcrumbs_separator_color":"","ocean_breadcrumbs_links_color":"","ocean_breadcrumbs_links_hover_color":"","ocean_display_footer_widgets":"off","ocean_display_footer_bottom":"off","ocean_custom_footer_template":"0","footnotes":""},"class_list":["post-1176","page","type-page","status-publish","hentry","entry","has-media"],"jetpack-related-posts":[{"id":48,"url":"https:\/\/turnverein-schwegenheim.de\/?page_id=48","url_meta":{"origin":1176,"position":0},"title":"Home","author":"TV Schwegenheim","date":"April 22, 2022","format":false,"excerpt":"Willkommen beim Turnverein Schwegenheim 1883 e.V. Bevorstehende Veranstaltungen Liebe Yoga-Interessierte, der Turnverein Schwegenheim bietet wieder zwei Hatha-Yoga-Kurse mit Entspannung an. Kursbeginn ist Dienstag, 23. September 2025 - Kursende Dienstag, 2. Dezember 2025. Der Vormittagskurs beginnt um 9.30 Uhr, der Abendkurs um 19.30 Uhr. Die Kurse finden jeweils in der vereinseigenen\u2026","rel":"","context":"\u00c4hnlicher Beitrag","block_context":{"text":"\u00c4hnlicher Beitrag","link":""},"img":{"alt_text":"","src":"https:\/\/i0.wp.com\/turnverein-schwegenheim.de\/wp-content\/uploads\/2023\/07\/Bildschirmfoto-2023-07-20-um-00.43.02-768x265.png?resize=350%2C200&ssl=1","width":350,"height":200,"srcset":"https:\/\/i0.wp.com\/turnverein-schwegenheim.de\/wp-content\/uploads\/2023\/07\/Bildschirmfoto-2023-07-20-um-00.43.02-768x265.png?resize=350%2C200&ssl=1 1x, https:\/\/i0.wp.com\/turnverein-schwegenheim.de\/wp-content\/uploads\/2023\/07\/Bildschirmfoto-2023-07-20-um-00.43.02-768x265.png?resize=525%2C300&ssl=1 1.5x, https:\/\/i0.wp.com\/turnverein-schwegenheim.de\/wp-content\/uploads\/2023\/07\/Bildschirmfoto-2023-07-20-um-00.43.02-768x265.png?resize=700%2C400&ssl=1 2x"},"classes":[]},{"id":59,"url":"https:\/\/turnverein-schwegenheim.de\/?page_id=59","url_meta":{"origin":1176,"position":1},"title":"News \/ Presse","author":"TV Schwegenheim","date":"April 22, 2022","format":false,"excerpt":"News \/ Presse","rel":"","context":"\u00c4hnlicher Beitrag","block_context":{"text":"\u00c4hnlicher Beitrag","link":""},"img":{"alt_text":"","src":"","width":0,"height":0},"classes":[]},{"id":1850,"url":"https:\/\/turnverein-schwegenheim.de\/","url_meta":{"origin":1176,"position":2},"title":"Home NEW","author":"TV Schwegenheim","date":"Oktober 17, 2025","format":false,"excerpt":"Aktuelles vom Verein Pfalzmeisterschaften in Schwegenheim\u00a0 Der TVS sagt \u201cDanke\u201c \u00a0 Am 04. und 05. Oktober fanden die Pfalzmeisterschaften Mannschaft im Ger\u00e4te-Vier-Kampf in der Sporthalle in Schwegenheim statt. Die Wettk\u00e4mpfe begannen samstags um 9.00 Uhr, doch bereits ab 8.00 Uhr str\u00f6mten die ersten weit angereisten Eltern mit ihren Kindern in\u2026","rel":"","context":"\u00c4hnlicher Beitrag","block_context":{"text":"\u00c4hnlicher Beitrag","link":""},"img":{"alt_text":"","src":"https:\/\/i0.wp.com\/turnverein-schwegenheim.de\/wp-content\/uploads\/2025\/10\/TVS-Foto-Pfalz-Cup-TV-Schwegenheim-2025-1.jpg?resize=350%2C200&ssl=1","width":350,"height":200,"srcset":"https:\/\/i0.wp.com\/turnverein-schwegenheim.de\/wp-content\/uploads\/2025\/10\/TVS-Foto-Pfalz-Cup-TV-Schwegenheim-2025-1.jpg?resize=350%2C200&ssl=1 1x, https:\/\/i0.wp.com\/turnverein-schwegenheim.de\/wp-content\/uploads\/2025\/10\/TVS-Foto-Pfalz-Cup-TV-Schwegenheim-2025-1.jpg?resize=525%2C300&ssl=1 1.5x"},"classes":[]},{"id":1246,"url":"https:\/\/turnverein-schwegenheim.de\/?page_id=1246","url_meta":{"origin":1176,"position":3},"title":"Galerie","author":"TV Schwegenheim","date":"Juli 21, 2023","format":false,"excerpt":"Galerie AllTurnenHandballVeranstaltungenVereinsanlagen Pfalzmeisterschaften in Schwegenheim\u00a0Pfalzmeisterschaften in Schwegenheim\u00a0 KinderfaschingKinderfasching in der Jahnhalle KinderfaschingKinderfasching in der Jahnhalle BeachhandballBeachturnier im Juli 2023 BeachplatzLorem ipsum dolor sit amet, consectetur adipisicing elit. Quidem, provident. BeachplatzLorem ipsum dolor sit amet, consectetur adipisicing elit. Quidem, provident. BeachplatzLorem ipsum dolor sit amet, consectetur adipisicing elit. Quidem, provident. BeachplatzLorem\u2026","rel":"","context":"\u00c4hnlicher Beitrag","block_context":{"text":"\u00c4hnlicher Beitrag","link":""},"img":{"alt_text":"","src":"","width":0,"height":0},"classes":[]},{"id":53,"url":"https:\/\/turnverein-schwegenheim.de\/?page_id=53","url_meta":{"origin":1176,"position":4},"title":"Unsere Abteilungen","author":"TV Schwegenheim","date":"April 22, 2022","format":false,"excerpt":"Unsere Abteilungen Turnen Leistungsturnen & Spitzensport\u00a0TRAINERTEAM M\u00e4dchenturnenWir treffen uns immer mittwochs von 16.15 Uhr bis 17.30 Uhr.\u00a0In unserer Gruppe sind 20 M\u00e4dels im Alter von 7 \u2013 14 Jahren. Wir machen Gymnastik, turnen an Ger\u00e4ten, spielen auch mal was, entspannen manchmal mit Massagegeschichten und machen alles was uns sonst noch\u2026","rel":"","context":"\u00c4hnlicher Beitrag","block_context":{"text":"\u00c4hnlicher Beitrag","link":""},"img":{"alt_text":"","src":"","width":0,"height":0},"classes":[]},{"id":523,"url":"https:\/\/turnverein-schwegenheim.de\/?page_id=523","url_meta":{"origin":1176,"position":5},"title":"Impresssum \/ Datenschutz 2","author":"TV Schwegenheim","date":"Mai 1, 2023","format":false,"excerpt":"Turnverein Schwegenheim\u00a01883 e.V.Impressum \/ DatenschutzImpressum - Datenschutzerkl\u00e4rung\u00a0Diese Datenschutzerkl\u00e4rung kl\u00e4rt Sie \u00fcber die Art, den Umfang und Zweck der Verarbeitung von personenbezogenen Daten (nachfolgend kurz \u201eDaten\u201c) innerhalb unseres Onlineangebotes und der mit ihm verbundenen Webseiten, Funktionen und Inhalte sowie externen Onlinepr\u00e4senzen, wie z.B. unser Social Media Profile auf (nachfolgend gemeinsam bezeichnet\u2026","rel":"","context":"\u00c4hnlicher Beitrag","block_context":{"text":"\u00c4hnlicher Beitrag","link":""},"img":{"alt_text":"","src":"","width":0,"height":0},"classes":[]}],"jetpack_sharing_enabled":true,"_links":{"self":[{"href":"https:\/\/turnverein-schwegenheim.de\/index.php?rest_route=\/wp\/v2\/pages\/1176","targetHints":{"allow":["GET"]}}],"collection":[{"href":"https:\/\/turnverein-schwegenheim.de\/index.php?rest_route=\/wp\/v2\/pages"}],"about":[{"href":"https:\/\/turnverein-schwegenheim.de\/index.php?rest_route=\/wp\/v2\/types\/page"}],"author":[{"embeddable":true,"href":"https:\/\/turnverein-schwegenheim.de\/index.php?rest_route=\/wp\/v2\/users\/1"}],"replies":[{"embeddable":true,"href":"https:\/\/turnverein-schwegenheim.de\/index.php?rest_route=%2Fwp%2Fv2%2Fcomments&post=1176"}],"version-history":[{"count":22,"href":"https:\/\/turnverein-schwegenheim.de\/index.php?rest_route=\/wp\/v2\/pages\/1176\/revisions"}],"predecessor-version":[{"id":1269,"href":"https:\/\/turnverein-schwegenheim.de\/index.php?rest_route=\/wp\/v2\/pages\/1176\/revisions\/1269"}],"wp:attachment":[{"href":"https:\/\/turnverein-schwegenheim.de\/index.php?rest_route=%2Fwp%2Fv2%2Fmedia&parent=1176"}],"curies":[{"name":"wp","href":"https:\/\/api.w.org\/{rel}","templated":true}]}}